m) = 9*a(m) + 2*n(m). Let g be h(-19). What is the greatest common factor of g and 1?
1
Suppose -5*p + 0*j = -4*j - 12437, 3*j = 3*p - 7458. What is the highest common divisor of p and 3047?
277
Let m(o) = -o**3 + 36*o**2 - 119*o - 254. Let u be m(32). Calculate the greatest common divisor of u and 46121.
17
Let x(l) = 14*l**3 - 3*l**2 - l - 4. Let i be x(3). Let d = 2243 - 2235. What is the greatest common factor of i and d?
8
Let z(m) be the first derivative of -m**3/3 - 11*m**2/2 + 16*m - 5. Let i be z(-11). Let j = 577 - 521. Calculate the highest common divisor of i and j.
8
Let m(g) = g**2 - 6*g. Let b be m(6). Let j be b/2*2/4. Let k be (j - -7)/(1/5). What is the greatest common divisor of 14 and k?
7
Suppose -242 + 863 + 891 = 24*j. Let b = 3 - 5. Let o(n) = -2*n**3 - 3*n**2 - 4*n - 3. Let y be o(b). Calculate the highest common factor of y and j.
9
Let i be (-8)/320 - (-11681)/40. Calculate the highest common divisor of i and 7519.
73
Suppose -2*l + 4373 = 2*i + 1071, -2*l = 3*i - 3300. Calculate the greatest common divisor of l and 285.
57
Let g(c) = -104 + 0*c + 2*c + 2*c + 102. Let h be g(3). What is the greatest common divisor of 30 and h?
10
Suppose 986 = 3*h + 5*w - 281, 2*w - 1666 = -4*h. What is the greatest common factor of h and 5106?
138
Let h = 16466 - 15599. Calculate the highest common divisor of 6 and h.
3
Let j = -97 + 11. Let i = j - -135. Suppose 0*z + 7*z = i. What is the highest common divisor of z and 77?
7
Let r = 33 - -10. Let b = 11087 - 10528. Calculate the highest common factor of b and r.
43
Suppose 2*h + 6 = 0, 2*i + 79 = -h - 216. Let z = -86 - i. Suppose 5*g + 3*f + 20 = 83, 2*f = -2*g + 22. Calculate the highest common factor of g and z.
15
Let v(x) = 2*x**3 - 5*x**2 + 2*x - 5. Let z be v(5). Suppose -18*s - 932 = -1868. Calculate the highest common divisor of z and s.
26
Let t = 15 - -9. Let s be (0 - 16)*t/(-16). Let a(d) = 10*d + 5. Let z be a(s). What is the greatest common divisor of 35 and z?
35
Suppose -12174 - 16740 = -122*s. What is the greatest common factor of 158 and s?
79
Let u(c) = -5*c**2 - 17*c + 49. Let y be u(-16). Let z = -134 - y. What is the greatest common factor of z and 15?
15
Suppose -12*t = -14*t + 20. Suppose 0*o = -2*o, -4*o = -5*z + 955. Let p = z + -151. What is the highest common factor of t and p?
10
Let g = -948 + 7052. What is the highest common divisor of 224 and g?
56
Let h be -3 + -11*(-4)/12*3. Let l = 3216 + -3168. What is the highest common divisor of l and h?
8
Let n be 9/3*(-40)/(-6). Suppose -12*p + 21 = f - 9*p, -4*f + 4*p = -4. Calculate the highest common factor of n and f.
2
Let d(v) = v**3 + 7*v - 10. Let h be d(8). Suppose -220*o + 3505 = -455. What is the greatest common factor of h and o?
18
Let z(n) = 64*n**2 - 23*n + 47. Let c be z(3). Let q = 565 - c. Calculate the greatest common divisor of q and 1023.
11
Suppose 4*u + 4*d - 64 = 12*d, 108 = 4*u + 3*d. Let x be (957/132)/(3/u). Let z = -82 - -227. Calculate the greatest common factor of x and z.
29
Let x = 137 + -65. Suppose t - 2*t = k - 31, -3*t + 4*k + x = 0. Let l = 515 + -319. What is the highest common divisor of t and l?
28
Let l(s) = s**3 - s**2 - 6*s + 5. Let k be l(4). Let i(v) = -177*v**2 + 7808*v - 97. Let q be i(44). What is the highest common divisor of q and k?
29
Let q be 776/30 - 2/(-15). Suppose 247*k - 235*k = 780. Calculate the greatest common divisor of k and q.
13
Let c = -133 + 146. Let g be 10104/(-36)*3/(-2) - 5. Calculate the greatest common factor of g and c.
13
Let w(c) = 31*c**3 + 42 - 19*c**2 - 15*c**3 - 17*c**3. Let s be w(-19). Suppose -5*j = -1268 + 8. What is the highest common factor of s and j?
42
Suppose -63 = -4*v - 55. Let b be (0/(-5) - 1)/(v/(-62)). What is the greatest common divisor of 217 and b?
31
Let t = 136 + -92. Suppose h = 3*d - 0*h - 9, 3*h = -9. Suppose d*x - 9 + 1 = 0. What is the greatest common divisor of x and t?
4
Let o = 38 - 36. Suppose 21*y - 22*y = -o. Suppose -l + 8 = -5*v - 9, v - 45 = -2*l. What is the highest common factor of l and y?
2
Suppose 7*l = 3*l + 16. Suppose l*b - 4*o = 560, 0*o - 2*o = -8. Suppose z = -16 + 13, 75 = 5*c + 5*z. What is the greatest common factor of b and c?
18
Let k be (-6)/18*(-6 + 3). Let x be (k + -6)*(410/(-50) + -5). What is the highest common factor of 99 and x?
33
Let b(r) = 53*r**3 - 3*r**2 + 8*r - 5. Let y be 25/5*(0 - (-8)/20). Let j be b(y). What is the greatest common factor of 47 and j?
47
Suppose 13*d + 2408 - 6295 = 0. Let o = d - 293. Calculate the highest common factor of 42 and o.
6
Suppose 0 = 11*j - 5*j - 132. Let a(b) = -b**2 - b + 8. Let q be a(-7). Let s = q + 89. What is the highest common factor of j and s?
11
Let s(q) = 19*q - 9 + 17 - 7 - 5. Let f be s(2). Let m be (f/2 + 5)/(2/7). What is the highest common divisor of 7 and m?
7
Suppose f = 5*x - 1444, 2*x = 249*f - 252*f + 598. What is the greatest common factor of x and 20?
10
Suppose 15*x - 2497 - 38 = 0. Suppose -x = -21*y + 146. Calculate the highest common factor of y and 40.
5
Let w = 8444 - 8220. What is the highest common divisor of 1778 and w?
14
Suppose -142 = -3*h - 8*i, 2*h - 6*h = 4*i - 176. Calculate the greatest common factor of h and 70.
14
Let g be -22*((-14)/4 - -3). Let i = 49 + -3. Suppose -3*a + 202 = -45*x + i*x, -4*x + 4*a + 728 = 0. What is the highest common divisor of x and g?
11
Let v = -428 + 662. Suppose 4*o = z + 81, 0*z - v = 3*z - 3*o. Let w = z - -98. What is the greatest common factor of 168 and w?
21
Let g = 4203 + -4126. Calculate the greatest common divisor of g and 495.
11
Let n be 55 + -34 - -1*5. Suppose 3*k = 4*i - 16 + 51, -5*k - 5*i + 105 = 0. Let y = 19 - k. Calculate the highest common divisor of y and n.
2
Let g(t) be the second derivative of t**5/20 + t**4/4 - t**3 - 12*t - 1. Let p be g(3). What is the greatest common factor of 396 and p?
36
Suppose 4*t - 2*t = 104. Suppose -41 = -8*r + 4*r + 3*o, 4*o = 5*r - t. Calculate the highest common factor of 14 and r.
2
Let s(d) = -5*d**3 - 356*d**2 - 75*d - 284. Let o be s(-71). Let z(h) = 24 + 11 + h**2 + 3. Let y be z(o). Calculate the greatest common factor of y and 19.
19
Suppose -3*o = 0, 4*h + 314 = -4*o + 1210. Calculate the greatest common divisor of 322 and h.
14
Let q = -1 + 5. Suppose 2*j - 2*n + 6*n = 56, -4*n - q = 0. Let h(o) = 8*o + 75. Let p be h(0). What is the greatest common divisor of j and p?
15
Let z(v) = -52 - 150 - 11*v + 13*v + 14 + 26*v. Let a be z(14). Calculate the greatest common divisor of 340 and a.
68
Let j be 33 + 2 - (-1 + (3 - 0)). Let n = -59 - -228. Suppose -n - 7 = -4*g. What is the greatest common divisor of g and j?
11
Let h(r) = 9*r + 110. Let t be h(-2). Suppose -2*v + 4*n = -76, 3*v - 2*n = 18 + t. What is the greatest common divisor of v and 168?
12
Let d = 8187 - 6075. Calculate the highest common factor of d and 36.
12
Let w(t) = 912*t + 4578. Let j be w(-5). Let k(z) = -144*z**3 - z**2 - z. Let n be k(-1). What is the highest common factor of j and n?
18
Let j = 33 + -30. Suppose -10*p = 3*f - 5*p - 125, 5*f - 203 = -j*p. What is the greatest common factor of f and 88?
8
Suppose 15 = -3*r + 3*z, -4*z = -3*r + r - 20. Suppose r = 6*k - 3*k - 9. Let v be (k/(15/(-4)))/(7/(-280)). Calculate the highest common divisor of 16 and v.
16
Suppose -70*b + 1632 + 1671 + 897 = 0. Calculate the highest common divisor of 3180 and b.
60
Suppose -3*r + r = -180. Suppose 0 = -6*l + r + 36. Let h = l + -9. What is the greatest common divisor of 132 and h?
12
Let g(f) = -f**2 + 503*f + 1522. Let o be g(-3). Let d(r) = -r**2 + 2*r + 1. Let b be d(2). What is the greatest common factor of b and o?
1
Suppose -2*q + 62 + 148 = 0. Let u = 118 - 104. Let p be -60*(5 - 2 - u/4). What is the greatest common factor of p and q?
15
Suppose 2*t + t + 338 = 4*s, 4*s + 4*t - 324 = 0. Let f = 9 + s. Calculate the highest common factor of 4 and f.
4
Suppose -4*s - s = 3*s. Suppose -28*c + 12*c + 3312 = s. Calculate the greatest common factor of c and 23.
23
Let a(v) be the second derivative of -4*v**3/3 - 16*v**2 + 14*v. Let x be a(-6). Suppose 7*i = x + 75. What is the greatest common divisor of 143 and i?
13
Let f(g) be the first derivative of 5*g**2/2 + 129*g - 132. Let t be f(8). Calculate the greatest common divisor of